37440.
2, 5, 61, 211
List the prime factors of 401436.
2, 3, 7, 59
List the prime factors of 64628.
2, 107, 151
What are the prime factors of 900390?
2, 3, 5, 30013
What are the prime factors of 637003?
637003
List the prime factors of 247373.
7, 35339
List the prime factors of 405788.
2, 229, 443
List the prime factors of 2876045.
5, 53, 10853
What are the prime factors of 182330?
2, 5, 18233
List the prime factors of 398405.
5, 7, 11383
List the prime factors of 3382663.
3382663
What are the prime factors of 53031?
3, 11, 1607
List the prime factors of 23453093.
23453093
List the prime factors of 313779.
3, 104593
What are the prime factors of 449966?
2, 11, 113, 181
What are the prime factors of 1602101?
1602101
List the prime factors of 613630.
2, 5, 61363
What are the prime factors of 1599742?
2, 23, 83, 419
What are the prime factors of 2863765?
5, 601, 953
List the prime factors of 702895.
5, 257, 547
List the prime factors of 304909.
11, 53, 523
List the prime factors of 717731.
7, 102533
List the prime factors of 15840035.
5, 3168007
List the prime factors of 30460633.
7, 71, 167, 367
List the prime factors of 434614.
2, 217307
What are the prime factors of 548333?
71, 7723
What are the prime factors of 5851016?
2, 23, 31799
List the prime factors of 256734.
2, 3, 17, 839
List the prime factors of 157345.
5, 31469
What are the prime factors of 4831427?
53, 91159
What are the prime factors of 435?
3, 5, 29
List the prime factors of 798010.
2, 5, 79801
List the prime factors of 15811752.
2, 3, 11, 101, 593
What are the prime factors of 7107764?
2, 1776941
List the prime factors of 999407.
37, 27011
What are the prime factors of 395601?
3, 163, 809
What are the prime factors of 544921?
13, 167, 251
List the prime factors of 148370.
2, 5, 37, 401
What are the prime factors of 2102724?
2, 3, 13, 4493
List the prime factors of 8239982.
2, 4119991
What are the prime factors of 1140684?
2, 3, 19, 5003
What are the prime factors of 424450?
2, 5, 13, 653
List the prime factors of 1389657.
3, 463219
What are the prime factors of 142509?
3, 67, 709
List the prime factors of 239065.
5, 137, 349
List the prime factors of 276993.
3, 10259
List the prime factors of 371531.
313, 1187
List the prime factors of 2738207.
17, 161071
What are the prime factors of 11022761?
61, 180701
List the prime factors of 614674.
2, 307337
List the prime factors of 3843860.
2, 5, 192193
List the prime factors of 63521.
63521
List the prime factors of 541414.
2, 167, 1621
What are the prime factors of 3723359?
3723359
List the prime factors of 13264388.
2, 127, 26111
What are the prime factors of 997775?
5, 107, 373
What are the prime factors of 13556127?
3, 13, 193, 1801
What are the prime factors of 2128449?
3, 157, 4519
What are the prime factors of 432088?
2, 54011
What are the prime factors of 4977932?
2, 1244483
What are the prime factors of 122413?
163, 751
What are the prime factors of 1235282?
2, 37, 16693
List the prime factors of 1135810.
2, 5, 13, 8737
List the prime factors of 18420658.
2, 61, 150989
List the prime factors of 130481.
13, 10037
List the prime factors of 23905.
5, 7, 683
What are the prime factors of 5670998?
2, 2835499
List the prime factors of 488663.
7, 69809
What are the prime factors of 1981864?
2, 23, 10771
What are the prime factors of 61023?
3, 20341
List the prime factors of 218811.
3, 72937
What are the prime factors of 1769413?
19, 23, 4049
List the prime factors of 1489865.
5, 13, 22921
What are the prime factors of 11799842?
2, 241, 24481
What are the prime factors of 14476635?
3, 5, 389, 827
List the prime factors of 9605078.
2, 7, 98011
List the prime factors of 449331.
3, 19, 7883
What are the prime factors of 3848524?
2, 962131
List the prime factors of 288448.
2, 4507
What are the prime factors of 3072818?
2, 7, 17, 12911
List the prime factors of 40256.
2, 17, 37
List the prime factors of 18867767.
18867767
What are the prime factors of 2629168?
2, 73, 2251
List the prime factors of 3468785.
5, 693757
List the prime factors of 168300.
2, 3, 5, 11, 17
What are the prime factors of 22898?
2, 107
List the prime factors of 68211.
3, 11, 13, 53
List the prime factors of 1267086.
2, 3, 223, 947
What are the prime factors of 166700?
2, 5, 1667
What are the prime factors of 219427?
13, 16879
What are the prime factors of 84691?
84691
List the prime factors of 14520548.
2, 7, 193, 2687
What are the prime factors of 1502247?
3, 61, 8209
What are the prime factors of 306256?
2, 19141
What are the prime factors of 139803?
3, 46601
What are the prime factors of 260973?
3, 107, 271
What are the prime factors of 198696?
2, 3, 17, 487
What are the prime factors of 165782?
2, 82891
List the prime factors of 4131990.
2, 3, 5, 31, 1481
List the prime factors of 1441329.
3, 29, 16567
What are the prime factors of 806405?
5, 161281
List the prime factors of 1100109.
3, 366703
What are the prime factors of 819411?
3, 71, 3847
List the prime factors of 69710.
2, 5, 6971
List the prime factors of 90094.
2, 107, 421
What are the prime factors of 1543372?
2, 385843
What are the prime factors of 108913?
7, 15559
List the prime factors of 7328208.
2, 3, 152671
List the prime factors of 595291.
595291
What are the prime factors of 188961?
3, 62987
What are the prime factors of 150456?
2, 3, 6269
What are the prime factors of 130046?
2, 7, 1327
List the prime factors of 12826837.
1657, 7741
What are the prime factors of 3277324?
2, 431, 1901
What are the prime factors of 2662928?
2, 149, 1117
What are the prime factors of 565615?
5, 113123
What are the prime factors of 290041?
290041
List the prime factors of 1879975.
5, 139, 541
List the prime factors of 909857.
13, 17, 23, 179
What are the prime factors of 452194?
2, 311, 727
What are the prime factors of 4201190?
2, 5, 7, 60017
What are the prime factors of 1094188?
2, 17, 16091
What are the prime factors of 13544675?
5, 31, 17477
What are the prime factors of 5551864?
2, 179, 3877
List the prime factors of 129651.
3, 23, 1879
List the prime factors of 4712891.
113, 179, 233
List the prime factors of 3590259.
3, 19, 62987
List the prime factors of 383555.
5, 41, 1871
What are the prime factors of 87624?
2, 3, 1217
List the prime factors of 284064.
2, 3, 11, 269
What are the prime factors of 21617?
21617
What are the prime factors of 14980329?
3, 7, 13, 67
List the prime factors of 5643870.
2, 3, 5, 179, 1051
What are the prime factors of 231455?
5, 7, 17, 389
List the prime factors of 1029913.
31, 33223
List the prime factors of 6451429.
983, 6563
List the prime factors of 6125482.
2, 11, 41, 6791
List the prime factors of 7980529.
7980529
List the prime factors of 207202.
2, 211, 491
What are the prime factors of 775634?
2, 29, 43, 311
List the prime factors of 212847.
3, 70949
List the prime factors of 438675.
3, 5, 5849
What are the prime factors of 157515?
3, 5, 10501
What are the prime factors of 3607049?
29, 4289
List the prime factors of 322149.
3, 73, 1471
List the prime factors of 215307.
3, 47, 509
What are the prime factors of 209032?
2, 17, 29, 53
What are the prime factors of 1250829?
3, 46327
What are the prime factors of 1347852?
2, 3, 11, 10211
What are the prime factors of 11087630?
2, 5, 41, 27043
What are the prime factors of 39165845?
5, 2441, 3209
List the prime factors of 152709.
3, 109, 467
What are the prime factors of 2450453?
2450453
What are the prime factors of 292913?
499, 587
What are the prime factors of 901341?
3, 7, 19, 251
List the prime factors of 5110820.
2, 5, 11, 13, 1787
What are the prime factors of 340518?
2, 3, 19, 29, 103
What are the prime factors of 187186?
2, 173, 541
What are the prime factors of 20404421?
20404421
What are the prime factors of 267525?
3, 5, 29, 41
List the prime factors of 1305881.
1305881
What are the prime factors of 4005673?
7, 572239
List the prime factors of 15963908.
2, 3990977
List the prime factors of 5943531.
3, 11, 389, 463
What are the prime factors of 363949?
363949
What are the prime factors of 536863?
113, 4751
List the prime factors of 152887.
7, 21841
What are the prime factors of 3630444?
2, 3, 19, 15923
List the prime factors of 281908.
2, 11, 43, 149
List the prime factors of 29737668.
2, 3, 281, 8819
List the pr